) = 4892*f + 5243. What is b(-1)?
351
Let w(l) = -l**2 - 7636*l + 214587. Give w(28).
-5
Let r(m) = 10*m**2 - 59*m - 412. Calculate r(-6).
302
Let l(j) = -11*j**2 - 6989*j - 30505. Determine l(-631).
-217
Let i(s) = s**2 - 1501*s - 44209. Give i(-29).
161
Let z(q) = q**2 - 416*q + 13334. Give z(35).
-1
Let n(g) = -2153*g + 389679. Calculate n(181).
-14
Let s(a) = 443*a**2 - 73979*a - 333. Determine s(167).
1
Let g(r) = -2*r**3 + 30*r**2 + 8*r - 44. Give g(14).
460
Let x(z) = 91*z**2 - 45598*z + 3527. Calculate x(501).
20
Let h(a) = -86*a**2 + 853*a - 4252. What is h(5)?
-2137
Let s(f) = 95340*f - 33655024. What is s(353)?
-4
Let p(m) = -226*m + 23437. Calculate p(105).
-293
Let n(y) = -2*y**3 - 341*y**2 + 64866*y + 5. Give n(114).
5
Let x(u) = -5*u**3 + 124*u**2 + 23*u - 138. What is x(25)?
-188
Let y(m) = 11731*m - 2264043. Calculate y(193).
40
Let v(y) = 5*y**2 - 95*y - 1142. Give v(-11).
508
Let y(d) = 216*d + 7579. Determine y(-31).
883
Let p(f) = 2422*f + 22408. Calculate p(-9).
610
Let p(t) = -t**3 + 88*t**2 - 380*t + 99272. What is p(95)?
-3
Let v(b) = -2128*b - 50379. Determine v(-26).
4949
Let o(z) = z**3 + 136*z**2 - 127*z - 17251. What is o(-136)?
21
Let j(x) = 2232*x**2 - 170*x + 181. Give j(1).
2243
Let a(g) = -1485939*g - 4457820. Calculate a(-3).
-3
Let l(s) = 69907*s - 4893490. Calculate l(70).
0
Let f(p) = -156137*p - 16. Determine f(0).
-16
Let t(s) = -2*s**3 + 34*s**2 + 336*s + 445. Calculate t(-6).
85
Let b(k) = -2*k**2 - 146*k - 473. Determine b(-70).
-53
Let m(b) = 7*b**3 + 415*b**2 + 504*b - 1065. Calculate m(-58).
-21
Let q(w) = 10157*w - 71718. Determine q(7).
-619
Let z(f) = 6073*f + 18281. Give z(-3).
62
Let d(t) = -2*t**2 + 47*t + 440. Determine d(-21).
-1429
Let q(w) = -7*w**2 + 45*w - 812. Determine q(18).
-2270
Let j(o) = 2118*o - 11065. What is j(5)?
-475
Let a(u) = u**3 - 13*u**2 + 306*u - 6359. What is a(17)?
-1
Let w(n) = -n**3 + 24552*n**2 - 122716*n - 99. Give w(5).
-4
Let j(s) = 822*s - 120837. Determine j(147).
-3
Let p(g) = -466*g + 6393. Determine p(13).
335
Let a(t) = -191*t + 11298. Give a(60).
-162
Let k(v) = 3800*v**2 + 26612*v + 43. Determine k(-7).
-41
Let w(h) = h**3 + 2*h**2 - 21654*h + 21655. Calculate w(1).
4
Let j(z) = 7*z**3 - 280*z**2 + 286*z - 544. Determine j(39).
-37
Let n(r) = -86*r - 5801. Calculate n(-56).
-985
Let g(v) = -3*v**3 + 12*v**2 - 10*v - 11. Determine g(2).
-7
Let i(q) = -914*q**2 - 236724*q + 440. Calculate i(-259).
-78
Let w(f) = 4707*f + 4818. Calculate w(-1).
111
Let t(z) = 1700*z - 20408. Calculate t(12).
-8
Let o(d) = -1963*d + 5934. Calculate o(3).
45
Let f(w) = 742*w**2 - 27347*w - 3975. Give f(37).
-16
Let a(l) = -l**2 + 14*l + 61537. Give a(-242).
-415
Let a(o) = 82*o**3 - 17*o**2 - 32*o + 36. Give a(-4).
-5356
Let t(a) = 54*a**3 + 36*a**2 - 35*a + 1. Give t(1).
56
Let u(w) = -w**3 + 6*w**2 + 25*w - 133. Give u(9).
-151
Let p(a) = -a**3 + 132*a**2 + 971*a + 398. Determine p(139).
120
Let m(f) = -f**3 + 13*f**2 - 1779*f + 15770. Calculate m(9).
83
Let f(l) = -13*l**3 + 133*l**2 + 28*l + 346. What is f(11)?
-556
Let b(r) = 2*r**2 - 137*r - 10213. Determine b(-45).
2
Let t(y) = -y**2 + 30*y + 8241. Determine t(107).
2
Let c(h) = -1644*h + 208786. What is c(127)?
-2
Let i(g) = 383*g + 29917. What is i(-78)?
43
Let f(b) = -10331*b + 1477359. Calculate f(143).
26
Let w(t) = -52*t**2 - 1622*t + 4906. Calculate w(-34).
-58
Let h(u) = -235837*u - 3065873. What is h(-13)?
8
Let m(f) = 30*f**2 + 4643*f - 1033. Determine m(-155).
52
Let b(g) = -2*g**3 - 1206*g**2 + 6066*g - 8469. Give b(-608).
43
Let h(g) = 2*g**3 - 6*g**2 + 39*g + 1526. What is h(-8)?
-194
Let b(f) = 204*f - 2024. Give b(9).
-188
Let i(j) = -2*j**3 - 181*j**2 + 70*j - 725. Calculate i(-91).
1186
Let c(l) = 38*l**3 + 3*l**2 + 32*l - 106. Give c(5).
4879
Let o(v) = 14133*v - 268604. What is o(19)?
-77
Let n(a) = a**3 - 55*a**2 + 702*a + 252. What is n(21)?
0
Let p(j) = 48*j + 9560. Determine p(-197).
104
Let x(d) = -181*d + 34202. What is x(189)?
-7
Let w(x) = 8*x**3 + 6310*x**2 - 1614*x - 28405. Give w(-789).
-1
Let q(c) = c**3 + 576*c**2 - 67598*c + 1345. Calculate q(-676).
-7
Let c(p) = -10*p**2 - 2655*p - 16038. Calculate c(-6).
-468
Let s(g) = g**3 + 67*g**2 + 17*g + 1066. What is s(-67)?
-73
Let b(t) = 2*t**2 + 1626*t + 9713. Calculate b(-6).
29
Let v(a) = -244835*a + 489573. Determine v(2).
-97
Let o(k) = -k**3 - 105*k**2 - 1463*k + 3258. Give o(-19).
9
Let o(i) = -i**2 + 151*i - 151. Determine o(149).
147
Let c(z) = -601*z**3 - 7*z**2 + 155*z - 148. What is c(1)?
-601
Let o(g) = 861104*g - 5166623. Determine o(6).
1
Let m(d) = -2*d**3 - 63*d**2 + 566*d + 16724. Give m(-31).
-1783
Let o(a) = -15*a**2 + 1134*a - 9066. What is o(66)?
438
Let f(r) = 5*r**3 + 33*r**2 - 109*r - 847. Calculate f(-9).
-838
Let j(f) = -197*f**2 + 1194*f + 1390. Give j(-1).
-1
Let i(w) = -271*w + 86992. What is i(321)?
1
Let v(o) = -215*o**2 - 26851*o + 2999. Determine v(-125).
-1
Let h(y) = 6*y**3 - 4*y**2 + 212*y + 215. Give h(-1).
-7
Let g(w) = -5516*w + 341982. Determine g(62).
-10
Let h(y) = y + 587. Determine h(11).
598
Let p(j) = -2*j**3 - 128*j**2 - 1249*j - 21. What is p(-12)?
-9
Let t(c) = -296*c - 7056. Give t(-26).
640
Let i(y) = -12*y**3 - 5*y**2 - 9*y + 2. What is i(-3)?
308
Let n(p) = 72*p**2 - 22080*p + 44156. What is n(2)?
284
Let x(h) = -h**3 + 2593*h**2 + 12957*h - 82. What is x(-5)?
83
Let m(p) = -1305*p - 11845. Give m(-8).
-1405
Let p(r) = -4*r**2 + 1236*r + 13977. What is p(320)?
-103
Let u(x) = -x**3 + 17*x**2 + 15*x + 46. Determine u(18).
-8
Let a(z) = -2*z**3 - 74*z**2 + 877*z + 632. Give a(10).
2
Let k(c) = -6*c**3 - 1592*c**2 - 5237*c + 783. Give k(-262).
-3
Let x(i) = -i**3 - 35*i**2 + 28*i - 466. What is x(-36)?
-178
Let l(h) = -h**2 + 13865*h + 55479. Calculate l(-4).
3
Let y(k) = -511*k - 1874. Calculate y(-5).
681
Let j(q) = -q**3 + 42*q**2 + 1026*q - 44247. What is j(40)?
-7
Let b(o) = o**3 + 19*o**2 - 1039*o - 15557. Determine b(-15).
928
Let v(y) = 7*y**3 - 128*y**2 + 5*y - 289. Give v(18).
-847
Let r(k) = k**3 - 135*k**2 - 83*k - 7202. Calculate r(136).
6
Let x(u) = 40345*u + 1775168. Calculate x(-44).
-12
Let f(u) = 396*u - 188455. Calculate f(476).
41
Let d(l) = -12*l**2 + 2867*l - 79444. Determine d(32).
12
Let r(t) = t**2 + 2317*t - 2041647. Give r(681).
-9
Let v(d) = 22*d**2 - 2446*d - 7075. Determine v(114).
-7
Let b(o) = o**3 - 101*o**2 - 109*o + 752. Give b(102).
38
Let y(m) = 4*m**3 + 911*m**2 - 1134*m + 2439. Give y(-229).
-80
Let j(u) = 23089*u + 761954. Determine j(-33).
17
Let v(j) = -438*j**2 + 167*j - 35. Determine v(0).
-35
Let q(p) = 2*p**2 + 486*p - 35733. Calculate q(-302).
-97
Let o(u) = -5*u**3 - 194*u**2 - 1699*u + 513. Give o(-14).
-5
Let u(x) = 13*x**2 - 1315*x + 314. Calculate u(101).
112
Let l(j) = -j**3 + 49*j**2 + 625*j + 347. Give l(-10).
-3
Let h(q) = 6*q**2 + 1506*q - 88196. What is h(-300)?
4
Let r(b) = b**3 - 20*b**2 + 3*b - 448. Determine r(22).
586
Let v(f) = 14118*f + 70642. Calculate v(-5).
52
Let u(x) = -2*x**3 - 139*x**2 + 1502*x + 91525. Calculate u(-71).
6
Let s(f) = -f**3 + 124*f**2 + 1822*f - 25848. Calculate s(136).
-8
Let x(t) = -t**3 - 6*t**2 + 323*t - 515. What is x(21)?
-5639
Let m(x) = 26*x**2 - 6176*x + 24307. Give m(4).
19
Let t(n) = -14*n**3 + 5752*n**2 + 819*n + 1236. What is t(411)?
3
Let k(z) = -193*z - 107. Give k(5).
-1072
Let s(o) = 22*o**2 + 2005*o + 297. Determine s(-91).
24
Let m(c) = -5211*c + 521046. Determine m(100).
-54
Let b(k) = -1968*k + 33097. Determine b(17).
-359
Let q(i) = 3733*i + 694318. What is q(-186)?
-20
Let w(h) = -98*h**2 + 84*h + 108. Calculate w(-1).
-74
Let f(w) = -w**2 + 60*w + 2078. Calculate f(-22).
274
Let c(z) = -9*z**2 - 306*z - 1792. Determine c(-29).
-487
Let p(w) = -3*w**3 + 91*w**2 - 234*w - 3087. What is p(9)?
-9
Let y(c) = 29*c**3 + 336*c**2 - 693*c + 41. What is y(2)?
231
Let a(t) = -3886*t**3 + t**2 - 37*t - 34. Determine a(-1).
3890
Let c(w) = -8*w**3 + 64*w**2 + 672*w + 2. Determine c(-6).
2
Let g(p) = 2*p**3 - 34*p**2 + 84*p. Calculate g(14).
0
Let u(p) = -p**3 + 20*p**2 - 7*p - 105. Give u(-2).
-3
Let h(q) = 6087*q + 182505. What is h(-30)?
-105
Let o(z) = 5905*z - 27049. Determine o(5).
2476
Let f(y) = y**3 + 75*y**2 - 465*y - 3. Give f(6).
123
Let c(l) = -3949*l + 710820. Calculate c(18